{"id":25,"date":"2013-08-27T15:50:30","date_gmt":"2013-08-27T13:50:30","guid":{"rendered":"http:\/\/blogs.uni-bremen.de\/30mal30\/?page_id=25"},"modified":"2013-08-27T16:44:37","modified_gmt":"2013-08-27T14:44:37","slug":"termine","status":"publish","type":"page","link":"https:\/\/blogs.uni-bremen.de\/30mal30\/termine\/","title":{"rendered":"Termine"},"content":{"rendered":"<p><em>Zu allen Einzel Terminen sind Sie uns herzlich willkommen!\u00a0<\/em><\/p>\n<table width=\"723\" border=\"0\" cellspacing=\"0\" cellpadding=\"8\">\n<col width=\"158\" \/>\n<col width=\"273\" \/>\n<col width=\"244\" \/>\n<tbody>\n<tr valign=\"TOP\">\n<td width=\"158\"><span style=\"font-family: 'Vtks good luck for you', serif\"><span style=\"font-size: x-large\">Termin<br \/>\n<\/span><\/span><\/td>\n<td width=\"273\"><span style=\"font-family: 'Vtks good luck for you', serif\"><span style=\"font-size: x-large\">Person\/en<\/span><\/span><\/td>\n<td width=\"244\"><span style=\"font-family: 'Vtks good luck for you', serif\"><span style=\"font-size: x-large\">Ort<\/span><\/span><\/td>\n<\/tr>\n<tr valign=\"TOP\">\n<td width=\"158\"><span style=\"font-family: Tahoma, serif\"><span style=\"font-size: medium\">14. August <\/span><\/span><span style=\"font-family: Tahoma, serif\"><span style=\"font-size: medium\">19.00 Uhr<\/span><\/span><\/td>\n<td width=\"273\"><span style=\"font-family: Tahoma, serif\"><span style=\"font-size: medium\"><b>Einf\u00fchrung<\/b><\/span><\/span><\/td>\n<td width=\"244\"><span style=\"font-family: Tahoma, serif\"><span style=\"font-size: medium\">Universit\u00e4t<\/span><\/span><span style=\"font-family: Tahoma, serif\"><span style=\"font-size: medium\">TAB Geb\u00e4ude, Eingang A, Raum 0.16 und 0.17<\/span><\/span><\/td>\n<\/tr>\n<tr valign=\"TOP\">\n<td width=\"158\"><span style=\"font-family: Tahoma, serif\"><span style=\"font-size: medium\">21. August<\/span><\/span><span style=\"font-family: Tahoma, serif\"><span style=\"font-size: medium\">19.00 Uhr<\/span><\/span><\/td>\n<td width=\"273\">\n<p lang=\"it-IT\"><span style=\"font-family: Tahoma, serif\"><span style=\"font-size: medium\"><b>Prof. Dr. Eva Quante-Brandt <\/b><\/span><\/span><\/p>\n<p><span style=\"font-family: Tahoma, serif\"><span style=\"font-size: medium\">Se<\/span><\/span><span style=\"font-family: Tahoma, serif\"><span style=\"font-size: medium\">natorin f\u00fcr Bildung und Wissenschaft<\/span><\/span><\/p>\n<p>&nbsp;<\/p>\n<p><span style=\"font-family: Tahoma, serif\"><span style=\"font-size: medium\">Vortrag zur &#8222;<\/span><\/span><span style=\"font-family: Tahoma, serif\"><span style=\"font-size: medium\">Zukunft der Mobilit\u00e4t&#8220; von<\/span><\/span><\/p>\n<p><span style=\"font-family: Tahoma, serif\"><span style=\"font-size: medium\"><b>Dr. Werner Reh, Berlin<\/b><\/span><\/span><\/p>\n<p><span style=\"font-family: Tahoma, serif\"><span style=\"font-size: medium\">Verkehrspolitischer Sprecher BUND<\/span><\/span><\/td>\n<td width=\"244\">\u201e<span style=\"font-family: Tahoma, serif\"><span style=\"font-size: medium\">Handwerkssaal der Handelskammer Bremen\u201c<\/span><\/span><\/td>\n<\/tr>\n<tr valign=\"TOP\">\n<td width=\"158\"><span style=\"font-family: Tahoma, serif\"><span style=\"font-size: medium\">27. August<\/span><\/span><span style=\"font-family: Tahoma, serif\"><span style=\"font-size: medium\">18.30 Uhr<\/span><\/span><\/td>\n<td width=\"273\"><span style=\"font-family: Tahoma, serif\"><span style=\"font-size: medium\">Gemeinsame Teilnahme am B\u00fcrgerforum &#8222;Zukunftsszenarien Bremen 2025&#8220; <\/span><\/span>&nbsp;<\/p>\n<p><span style=\"font-family: Tahoma, serif\"><span style=\"font-size: medium\">Organisiert durch die Senat. Beh\u00f6rde f\u00fcr Umwelt, Bau und Verkehr Bremen:<\/span><\/span><\/td>\n<td width=\"244\"><span style=\"font-family: Tahoma, serif\"><span style=\"font-size: medium\">Rotes-Kreuz-Krankenhaus <\/span><\/span><span style=\"font-family: Tahoma, serif\"><span style=\"font-size: medium\">Tagungszentrum &#8222;Forum K&#8220;<\/span><\/span><\/td>\n<\/tr>\n<tr valign=\"TOP\">\n<td width=\"158\"><span style=\"font-family: Tahoma, serif\"><span style=\"font-size: medium\">28. August<\/span><\/span><span style=\"font-family: Tahoma, serif\"><span style=\"font-size: medium\">19.00 Uhr<\/span><\/span><\/td>\n<td width=\"273\"><span style=\"font-family: Tahoma, serif\"><span style=\"font-size: medium\">Im Dialog mit<\/span><\/span><span style=\"font-family: Tahoma, serif\"><span style=\"font-size: medium\"><b>Dipl. Ing. Hendrik Abramowski<\/b><\/span><\/span><\/p>\n<p><span style=\"font-family: Tahoma, serif\"><span style=\"font-size: medium\">Senat. Beh\u00f6rde f\u00fcr Umwelt, Bau und Verkehr, Bremen<\/span><\/span><\/td>\n<td width=\"244\"><span style=\"font-family: Tahoma, serif\"><span style=\"font-size: medium\">Universit\u00e4t<\/span><\/span><span style=\"font-family: Tahoma, serif\"><span style=\"font-size: medium\">TAB Geb\u00e4ude, Eingang A, Raum 016 und 017<\/span><\/span><\/td>\n<\/tr>\n<tr valign=\"TOP\">\n<td width=\"158\"><span style=\"font-family: Tahoma, serif\"><span style=\"font-size: medium\">04. September<\/span><\/span><span style=\"font-family: Tahoma, serif\"><span style=\"font-size: medium\">19.00 Uhr<\/span><\/span><\/td>\n<td width=\"273\"><span style=\"font-family: Tahoma, serif\"><span style=\"font-size: medium\">Vortrag zur &#8222;<\/span><\/span><span style=\"font-family: Tahoma, serif\"><span style=\"font-size: medium\">Zukunft der Mobilit\u00e4t&#8220; von<\/span><\/span><span style=\"font-family: Tahoma, serif\"><span style=\"font-size: medium\"><b>Dr. Peter Phleps, M\u00fcnchen<\/b><\/span><\/span><\/p>\n<p><span style=\"font-family: Tahoma, serif\"><span style=\"font-size: medium\">Institut f\u00fcr Mobilit\u00e4tsforschung, BMW Group<\/span><\/span><\/td>\n<td width=\"244\">\u201e<span style=\"font-family: Tahoma, serif\"><span style=\"font-size: medium\">Kultursaal der Arbeitnehmerkammer Bremen\u201c<\/span><\/span><\/td>\n<\/tr>\n<tr valign=\"TOP\">\n<td width=\"158\"><span style=\"font-family: Tahoma, serif\"><span style=\"font-size: medium\">11. September<\/span><\/span><span style=\"font-family: Tahoma, serif\"><span style=\"font-size: medium\">19.00 Uhr<\/span><\/span><\/td>\n<td width=\"273\"><span style=\"font-family: Tahoma, serif\"><span style=\"font-size: medium\"><b>Prof. Dr. Andreas Klee<\/b><\/span><\/span><span style=\"font-family: Tahoma, serif\"><span style=\"font-size: medium\">Zentrum f\u00fcr Arbeit und Politik <\/span><\/span><\/td>\n<td width=\"244\"><span style=\"font-family: Tahoma, serif\"><span style=\"font-size: medium\">Universit\u00e4t<\/span><\/span><span style=\"font-family: Tahoma, serif\"><span style=\"font-size: medium\">TAB Geb\u00e4ude, Eingang A, Raum 016 und 017<\/span><\/span><\/td>\n<\/tr>\n<tr valign=\"TOP\">\n<td width=\"158\"><span style=\"font-family: Tahoma, serif\"><span style=\"font-size: medium\">15. September<\/span><\/span><span style=\"font-family: Tahoma, serif\"><span style=\"font-size: medium\">11.00 Uhr<\/span><\/span><\/td>\n<td width=\"273\"><span style=\"font-family: Tahoma, serif\"><span style=\"font-size: medium\">Gemeinsame Pr\u00e4sentation im Rahmen des &#8222;Autofreien StadTraums&#8220;<\/span><\/span><\/td>\n<td width=\"244\"><span style=\"font-family: Tahoma, serif\"><span style=\"font-size: medium\">Leibnizplatz in der Neustadt<\/span><\/span><\/td>\n<\/tr>\n<\/tbody>\n<\/table>\n<p>Alle aktuellen Termine k\u00f6nnen Sie auch unserem\u00a0<span style=\"color: #ff9900\"><a href=\"http:\/\/blogs.uni-bremen.de\/30mal30\/files\/2013\/08\/Flyer-30x30.pdf\"><span style=\"color: #ff9900\">Flyer 30&#215;30<\/span><\/a><\/span>\u00a0entnehmen.<\/p>\n<p>&nbsp;<\/p>\n<p>&nbsp;<\/p>\n","protected":false},"excerpt":{"rendered":"<p>Zu allen Einzel Terminen sind Sie uns herzlich willkommen!\u00a0 Termin Person\/en Ort 14. August 19.00 Uhr Einf\u00fchrung Universit\u00e4tTAB Geb\u00e4ude, Eingang A, Raum 0.16 und 0.17 21. August19.00 Uhr Prof. Dr. Eva Quante-Brandt Senatorin f\u00fcr Bildung und Wissenschaft &nbsp; Vortrag zur &#8222;Zukunft der Mobilit\u00e4t&#8220; von Dr. Werner Reh, Berlin Verkehrspolitischer Sprecher BUND \u201eHandwerkssaal der Handelskammer Bremen\u201c [&hellip;]<\/p>\n","protected":false},"author":1961,"featured_media":0,"parent":0,"menu_order":0,"comment_status":"open","ping_status":"open","template":"","meta":{"_bbp_topic_count":0,"_bbp_reply_count":0,"_bbp_total_topic_count":0,"_bbp_total_reply_count":0,"_bbp_voice_count":0,"_bbp_anonymous_reply_count":0,"_bbp_topic_count_hidden":0,"_bbp_reply_count_hidden":0,"_bbp_forum_subforum_count":0,"footnotes":""},"class_list":["post-25","page","type-page","status-publish","hentry"],"_links":{"self":[{"href":"https:\/\/blogs.uni-bremen.de\/30mal30\/wp-json\/wp\/v2\/pages\/25","targetHints":{"allow":["GET"]}}],"collection":[{"href":"https:\/\/blogs.uni-bremen.de\/30mal30\/wp-json\/wp\/v2\/pages"}],"about":[{"href":"https:\/\/blogs.uni-bremen.de\/30mal30\/wp-json\/wp\/v2\/types\/page"}],"author":[{"embeddable":true,"href":"https:\/\/blogs.uni-bremen.de\/30mal30\/wp-json\/wp\/v2\/users\/1961"}],"replies":[{"embeddable":true,"href":"https:\/\/blogs.uni-bremen.de\/30mal30\/wp-json\/wp\/v2\/comments?post=25"}],"version-history":[{"count":1,"href":"https:\/\/blogs.uni-bremen.de\/30mal30\/wp-json\/wp\/v2\/pages\/25\/revisions"}],"predecessor-version":[{"id":27,"href":"https:\/\/blogs.uni-bremen.de\/30mal30\/wp-json\/wp\/v2\/pages\/25\/revisions\/27"}],"wp:attachment":[{"href":"https:\/\/blogs.uni-bremen.de\/30mal30\/wp-json\/wp\/v2\/media?parent=25"}],"curies":[{"name":"wp","href":"https:\/\/api.w.org\/{rel}","templated":true}]}}